5/(-36)) - -3. Let h = u - 37. Let z = 177 - h. Is z composite?
False
Suppose 5*v + 3*b + 7 = 37, 30 = 5*v - 5*b. Let l = v - -1. Let q = 3 + l. Is q composite?
True
Let r(m) = 2*m**2 - m. Let f be r(-2). Suppose 4*w = -82 + f. Let d = w + 335. Is d prime?
True
Suppose -33 = -4*j - 5. Suppose -3*r = -j*r + 32. Is (-2056)/(-32) - (-6)/r composite?
True
Let b(l) = 189*l**2 - 2*l - 14. Is b(-3) a prime number?
True
Let b(x) = 129*x - 28. Let q(d) = 193*d - 43. Let h(k) = -8*b(k) + 5*q(k). Is h(-10) a prime number?
False
Suppose -3*l - l = 12. Let f(j) = 70*j**2 - 1. Is f(l) composite?
True
Let w(g) = -2*g - 14. Let i be w(-10). Suppose -715 = -i*h + 4007. Is h a composite number?
False
Suppose -4*n + 3*m - 5*m = -31002, -4*n = 5*m - 30999. Is n composite?
True
Let o = 22879 + -15348. Is o a composite number?
True
Let w(k) = -k**2 - 4*k + 7. Let a be w(-5). Is -265*(4 - 3 - a) a prime number?
False
Let c = 14 + -4. Let f(m) = 7*m**3 - 17*m**2 + 28*m - 19. Let l(v) = 11*v**3 - 26*v**2 + 42*v - 29. Let y(u) = 8*f(u) - 5*l(u). Is y(c) a composite number?
True
Let n(r) = -r**3 + 9*r**2 + r - 7. Let d be n(9). Suppose x = 2, -d*m - x - 87 = -685. Is m a prime number?
False
Let t = 59 + 2729. Is (t/16 + -2)*4 prime?
False
Suppose 5*t - t - 436 = 0. Suppose -a + 821 = 3*h - t, 0 = 5*h + 5*a - 1540. Is h a composite number?
False
Let j be (-3288)/5 + ((-2)/5 - 0). Let n = 1101 + j. Is n composite?
False
Let d be (-3)/(-5) + (-56)/(-40). Suppose -5*n + 339 = -d*n. Is n prime?
True
Let k(b) = 4*b**2 - 10*b + 31. Suppose -2*s + 5*s + 4*l = 38, 0 = -2*l + 4. Is k(s) a composite number?
False
Let h = -59 + 63. Suppose -3*l + z + 0*z = -8224, h*l + 5*z - 10959 = 0. Is l a prime number?
True
Let b = 433 + -38. Is b a composite number?
True
Suppose 5*u + 11 = -109. Let z = -20 - u. Suppose -3*t + 2*v + 854 = 7*v, -t + z*v + 313 = 0. Is t composite?
False
Suppose h + 13191 = -n + 5*n, 0 = -5*n - 5*h + 16520. Is n a prime number?
True
Let c = 30 + -19. Suppose 37 = 5*i + b, 4*b + c = i + 6*b. Suppose -6*q + i*q - 223 = 0. Is q a composite number?
False
Let x be 1 + 0 + 1*170. Let n = -1026 - -1534. Let l = n - x. Is l composite?
False
Suppose -t + 5 = -2*t, 3*t = 5*j - 8800. Is j a prime number?
False
Let u = -47 - -45. Is -2*2155*(4/u)/4 a composite number?
True
Let k be 15*(-111)/30*-12. Suppose -4*n - k = -10*n. Let v = n + -77. Is v a prime number?
False
Let x(s) = 16*s**2 + 3*s - 4. Let z be x(2). Is (-2)/(-11) - (-1704)/z a composite number?
True
Let i = 22 + -22. Suppose 0 = -s - k + 21, i*s - 3*s - 5*k = -67. Let a = s + -4. Is a composite?
True
Let t = -35 + 33. Is t/6 - (-4 - 2992/12) a composite number?
True
Let y = 94 + -92. Suppose -4*d - 18 = -2, y*r - 520 = 3*d. Is r a prime number?
False
Let d(m) = -m**3 + 15*m**2 - 2*m - 9. Let n be d(14). Let o = -28 + n. Is o prime?
True
Let j(y) = 105*y + 12. Suppose 0 = 5*a - 3*w - 27, -4*a + 8*a + 5*w = 29. Let d be j(a). Suppose -2*g - 2 = -6, -4*k + d = -5*g. Is k a prime number?
True
Is 13/((-182)/42) + 694 prime?
True
Is -3*(0 + (-15292)/12) composite?
False
Let s(u) = 245*u - 43. Is s(22) a prime number?
True
Let b = 4 + -2. Suppose -102 - 88 = -5*i + 5*s, b*i + 4*s = 46. Is i composite?
True
Let n(w) = 9*w**3 + 8*w**2 + 9*w - 15. Let g(o) = 4*o**3 + 4*o**2 + 4*o - 8. Let m(u) = -7*g(u) + 3*n(u). Let k be (222/259)/((-2)/14). Is m(k) prime?
True
Let q(i) = -115*i**2 - i - 11. Let h(g) = g**2 + 1. Let p(a) = 6*h(a) + q(a). Let r(k) = -k**2 - 1. Let z(u) = -p(u) + 6*r(u). Is z(1) a prime number?
True
Suppose -5*w = -4*w - 4. Suppose 5*c = b - 1074, 2*c = -b + w*b - 3235. Is b prime?
False
Let h(p) = p**2 - 9*p - 44. Let c be h(13). Let n(k) = -k**2 + 10*k - 3. Is n(c) a composite number?
False
Is (-1 - -44)/(35/1645) a prime number?
False
Let x(r) = r + 1. Let q be x(4). Suppose 5*g + 0*g = q. Is 97*(g + 1 + -1) a composite number?
False
Let d be 256205/17 + 4/34. Suppose -4*l + d = 3*l. Is l a prime number?
True
Let u(s) = 4*s**3 - 2*s**2 + 3*s + 4. Let o be u(-3). Let z = o - -244. Is z a prime number?
True
Let b = 67 + -548. Let d = 1358 + b. Is d a prime number?
True
Suppose 468 = -g - 0*g. Suppose 0 = 2*o + 5*q + 434, 4*o + 4*q + 868 = 5*q. Let a = o - g. Is a composite?
False
Let b(d) = -1163*d**3 - 3*d**2 + 7*d + 10. Is b(-1) composite?
False
Suppose -5*o + 4*p + 12 = 0, 3*o + 5 = -4*p + 25. Suppose 4*x - 2*x - o = 0. Suppose x*w - 5 = 87. Is w composite?
True
Let g(z) = -6*z**3 - 3*z - 2. Suppose -4*j - 41 = -5*s, -7 = 5*j + 13. Suppose 2*h - y + 4 + 5 = 0, 0 = 2*h - s*y + 21. Is g(h) a composite number?
True
Let j = 111046 - 27673. Is j a prime number?
False
Is 3/(6/87354*9) a composite number?
True
Let a = -17916 + 26335. Is a composite?
False
Let b = 11 - 8. Let i(v) = -202*v - 2. Let f be i(b). Let s = 975 + f. Is s prime?
True
Suppose -4*d - 2084 = -8*d. Suppose 0 = -5*i + d + 264. Is i a prime number?
True
Let c(p) = 874*p - 49. Is c(14) prime?
False
Suppose 4*z + 36 = 1756. Let p = 104 + z. Suppose -304 = -2*m + p. Is m composite?
False
Let y(m) = 716*m - 369. Is y(10) composite?
False
Suppose 18 + 7 = -5*t. Let g(j) = -j - 5. Let x be g(t). Suppose 2*p + 4*b = -2*p + 1664, x = -3*p + 5*b + 1240. Is p composite?
True
Let y(o) = o**2 + o - 1. Let u(a) = 30*a**2 - a - 16. Let k(c) = u(c) + y(c). Is k(8) prime?
False
Suppose 0 = -3*n - 10 + 22. Suppose n*a = -a - 1425. Is ((-1)/3)/(5/a) a composite number?
False
Let s be 1 + -4 + 3 + -1. Let m(x) = -120*x - 1. Let b be m(s). Suppose -p + b = -0*p. Is p a prime number?
False
Suppose 5*o - 41901 = -11296. Is o a composite number?
False
Suppose -g + 7*a - 4*a + 1356 = 0, 4*g - 5469 = -3*a. Suppose 5*m - 3200 = o, g = 4*m + 2*o - 1209. Is m a prime number?
True
Let t = 8 + -17. Let w be 4/18 + (-1528)/t. Let c = w - 84. Is c prime?
False
Let b = 25465 - 10688. Is b a composite number?
True
Suppose 3*c = -5*z + 21, 4*c - 6*z - 28 = -z. Suppose -10705 = -c*i - 492. Is i prime?
True
Suppose w - 3*y - 2573 = 0, -5*w + 12291 = 2*y - 642. Suppose 10*c = -c + w. Is c a prime number?
False
Let k(x) be the third derivative of x**6/60 + 7*x**4/24 - 5*x**3/3 - 39*x**2. Is k(9) a composite number?
False
Let d = 503 + -1199. Let c = d - -1329. Suppose 0*f + c = 3*f. Is f composite?
False
Let w = 21 + -17. Let n be (-2238)/(-30) - w/(-10). Suppose 2*o + t - 100 - n = 0, -5*o - 5*t = -450. Is o prime?
False
Let h be (5/(-15))/((-2)/12732). Suppose c + 0*n = n + h, 2147 = c + 4*n. Suppose -3*w + c = -0*w. Is w composite?
False
Suppose 2*u = -3*u - 2*j + 94035, 4*u + j = 75225. Is u a composite number?
True
Let c be ((-15)/(-12))/5 + 279/36. Suppose 2*d + 8826 = c*d. Is d prime?
True
Suppose k - 4*w + 153 = 0, -5*k = -3*k + 3*w + 350. Is (k/(-65))/((-1)/(-5)) prime?
True
Let u(c) be the first derivative of 26*c**3/3 + c**2 - 3*c + 22. Is u(7) a composite number?
True
Let y = 1595 - 604. Is y prime?
True
Let m = -9149 + 19636. Is m a composite number?
False
Suppose -5*m - c + 76295 = -4*m, 3*m - 4*c = 228885. Is m prime?
False
Let u = -1085 - -2950. Suppose -5*o + u = -5930. Is o a composite number?
False
Suppose 5*i = -0*w + 4*w - 11, -2*w + 4*i = -4. Suppose w*q = q + 22107. Is q composite?
False
Is 15382/9 - 24/216 composite?
False
Let k(z) = 5*z**2 - z. Let s be k(-1). Let t be (-32)/(-12)*s/8. Suppose 684 + 258 = t*g. Is g prime?
False
Suppose f - 8*x - 1635 = -3*x, -4*x + 1671 = f. Is f a composite number?
True
Let f(z) = -z**3 - 8*z**2 - 7*z + 6. Let i be f(-6). Is i/(-84) - 12190/(-14) a prime number?
False
Suppose -3*x + 9 = 0, 506 = -f + 2*x + 2959. Is f a prime number?
True
Suppose 4*p = -2551 + 623. Let u = -267 - p. Is u prime?
False
Suppose c + 2*d - 519 = 0, -c + 4*d - 2583 = -6*c. Let l = -16 + c. Is l prime?
True
Suppose 0 = r - 6*r + 15. Suppose 19*t = 26*t + 14. Is (t - (-68)/12)*r a composite number?
False
Let z(f) = -29*f + 17. Let k = -35 - -31. Is z(k) a prime number?
False
Suppose 3*u - 1024 - 48749 = 0. Is u a prime number?
False
Suppose 3*d - 3001 = 563. Suppose 5*z - 3983 = -4*a + 796, z = a - d. Is a a prime number?
False
Let s(c) = 3*c + 16. Let h be s(-7). Let y = h - -9. Suppose y*u = 82 + 102. Is u a prime number?
False
Let m = 340 - -82. Suppose -5*v = -5*d - 35, -5*v + 3*d + 31 = -0. Suppose -3*o - m = -v*o. Is o prime?
True
Sup